test common factor of 42 and o?
6
Let i(h) = h + 12. Let x be i(10). Suppose -k - 2*u = -7*u + 2, -x = -k - u. What is the greatest common divisor of k and 18?
18
Suppose -5 = 5*k, 3*c - 3*k - 21 = -0*k. Calculate the highest common divisor of c and 4.
2
Let o be 2/(-8) + (-1)/(-4). Suppose o = -2*c - 3*d + 46, 2*c - 3 = -4*d + 45. What is the greatest common factor of c and 5?
5
Let t = 8 + 1. What is the greatest common factor of t and 72?
9
Let f = -87 - -164. Suppose 4*w - 13 = 15. What is the highest common divisor of f and w?
7
Suppose 2*r = -3*r. Suppose -g + 80 = 2*w + 2*g, -4*w - 5*g + 160 = r. What is the highest common factor of w and 10?
10
Let v(s) be the second derivative of 4*s**3/3 + 3*s. Let o be v(1). Let d = 8 + o. Calculate the highest common factor of 144 and d.
16
Let q be -1*(24 - (-5 + 3)). Let a be 11/(q/(-8) - 3). Calculate the greatest common divisor of a and 66.
22
Let r be (-6 + 71)/(2 + -1). What is the highest common factor of 13 and r?
13
Let j be (-8)/(-6)*(-21)/(-2). Let r = -8 + j. Suppose -22 + 28 = 2*l. Calculate the highest common factor of r and l.
3
Suppose -2*t + 170 = 3*k + 2*k, 3*k = 3*t + 123. Let n be (-1)/(-1) + -1 + 1. Let c be 4 + -2*n + 2. Calculate the highest common divisor of c and k.
4
Let h(v) = -8*v - 1. Let c be h(-2). Suppose -2*m + 105 = -m. What is the greatest common divisor of m and c?
15
Let g be 1/4 + 19/4. Suppose 0 = -0*r + g*r - 35. Let n be 6/(-21) - -44*(-9)/(-14). Calculate the greatest common divisor of r and n.
7
Suppose -5*n + 9 = b, 5*n + 27 = -b + 4*b. Let h = b + -2. Calculate the highest common divisor of h and 56.
7
Suppose -d + 2*d = -10. Let h = d - -19. Suppose 3*j = -0*j + 54. What is the highest common divisor of j and h?
9
Suppose -2*g = 2*d - 188, 5*d + g = 3*g + 505. Suppose 0 = f - 2*n + 1 - 8, 0 = -3*f - n + 35. Calculate the highest common factor of f and d.
11
Suppose 0*t = -2*t + 110. Suppose 5*r = r - 44. Let a = 11 - r. Calculate the greatest common factor of t and a.
11
Let m(c) = -c**3 - 12*c**2 - 14*c - 25. Let q be m(-12). Calculate the greatest common divisor of 11 and q.
11
Let k be (21 + -19)*1/2. What is the greatest common divisor of 10 and k?
1
Let m(t) be the first derivative of 0*t - 3/2*t**2 - 3. Let z be m(-4). What is the greatest common divisor of 18 and z?
6
Suppose -n = -3*q + 14, 0 = -0*n - n - 5*q + 26. Let m = 16 + n. Let y = -156 - -275. Calculate the greatest common divisor of m and y.
17
Suppose -5*s - 225 = -10*s + 3*v, 3*v + 57 = s. What is the greatest common factor of s and 28?
14
Suppose -q = 5*t - 2*q - 85, 3*q = t - 31. What is the highest common divisor of t and 72?
8
Let z = 37 + -25. Let r be ((-12)/7)/(10/(-70)). What is the greatest common factor of r and z?
12
Suppose -3*m + 41 = -3*h - 1, -59 = -4*m + h. Calculate the greatest common divisor of m and 30.
15
Let u(v) = 3*v + 1. Suppose -14 = 3*t + 5*m, -5*t = 2*m - 1 - 1. Suppose 0 = t*z + z - 6. Let g be u(z). What is the highest common divisor of g and 7?
7
Let i = 5 + 8. Let y = 1 + i. Calculate the highest common divisor of 14 and y.
14
Suppose 243 = 5*r + 78. Calculate the highest common factor of 264 and r.
33
Let g be 15/(-4) - 1/4. Let x be (g + 3)*-7 - -3. Calculate the highest common divisor of x and 30.
10
Suppose -66 = -4*g + 126. Let z be (21/(-4))/((-18)/g). What is the highest common divisor of 35 and z?
7
Let j = -8 - -12. Suppose -93 - 123 = -j*r. What is the highest common divisor of r and 27?
27
Let y(x) = -x**3 + 10*x**2 - 12*x + 8. Let m be y(9). Let f be (-4)/(-6)*(m + 4). Let q = -2 - f. Calculate the highest common divisor of 72 and q.
8
Let c = -40 - -148. Calculate the highest common divisor of 12 and c.
12
Let k = 12 + -4. Let i = 13 - k. Calculate the greatest common factor of i and 30.
5
Suppose 2*u = y + 24, 4*u - 2*u + 4*y - 4 = 0. Let o be 4/(-10) + 4/u. Let z = 16 + o. What is the highest common divisor of z and 8?
8
Let b be (-1 - 0)*(-6 + 2). Suppose 0*d + 76 = b*d. Let o be 5*(0 + (-76)/(-10)). What is the greatest common divisor of o and d?
19
Suppose n - 52 = -v - 9, -194 = -5*v + 2*n. Suppose 2 = -2*c - 3*y, -4*c - y + 8 = 2*y. Calculate the greatest common divisor of c and v.
5
Let h be (-7)/3 + (-3)/(-9). Let k be (-4 - (-1 + -1))*h. What is the greatest common divisor of k and 44?
4
Suppose k = -2*n + 38, 0*k = -2*k + 3*n + 41. Let l = k - 20. What is the greatest common factor of 40 and l?
8
Suppose 0 = -5*v + 3*t - 0 - 5, -v + 27 = 5*t. Let f = 9 - 2. Suppose 4*o = -2*d + 32, f*o - 2*o - 40 = -d. Calculate the highest common factor of v and o.
2
Let w(j) be the second derivative of -j**3/6 + 7*j**2/2 - 7*j. Let p be w(6). What is the greatest common divisor of p and 2?
1
Let m(p) = 4*p**3 + 4*p + 0*p**3 + 4*p**2 - 5*p**3 + 1 + 0. Let i be m(3). What is the highest common divisor of 154 and i?
22
Let w = 14 + 6. What is the greatest common factor of w and 4?
4
Let g be 1432/36 - (-4)/18. What is the highest common divisor of g and 5?
5
Let s(v) = -3*v + 1. Let x(t) = -t + 1. Let z(g) = -3*s(g) + 6*x(g). Let c be z(3). Calculate the greatest common factor of c and 2.
2
Let r = -5 + 4. Let x be (5 + r)*(-3)/2. Let m = x + 18. Calculate the highest common factor of m and 108.
12
Let x be 196/6 + (-5)/(-15). Calculate the greatest common factor of x and 264.
33
Let l(u) = -u**3 - 6*u**2 - 2*u - 2. Let w be l(-6). Let d(s) = 2*s**2 - 12*s - 20. Let a be d(w). What is the highest common factor of a and 40?
20
Let t be (-7)/((-1)/4*2). Suppose -d - 5 = -40. What is the highest common factor of t and d?
7
Let t be 19/(-2)*(-2 - 8). Suppose 5*l + 5*z - t = 0, -5*z - 103 = -5*l + l. Calculate the greatest common factor of 22 and l.
22
Let n(r) = -r**3 + 6*r**2 - 2*r + 5. Let t be n(6). Let l(a) = -a**3 - 6*a**2 + 5*a - 9. Let k be l(t). What is the highest common factor of 20 and k?
5
Suppose 69 = -l + 4*l - 4*q, -69 = -3*l + q. Suppose -24*u + l*u = -126. What is the highest common divisor of 14 and u?
14
Suppose 5*w - 252 = -32. Suppose -3*c + 44 = -2*z, -2*z + w = 5*c + 2*z. What is the highest common divisor of c and 24?
12
Suppose -3*h + 5*k + 110 = 0, 89 = 4*h - 2*k - 39. Let m = 6 + 9. Calculate the greatest common factor of h and m.
15
Suppose 3*f - 216 = -0*f. Let g be ((-4)/(-6))/(3/f). Calculate the greatest common factor of 4 and g.
4
Suppose -3*p = -15 - 48. Calculate the greatest common divisor of 63 and p.
21
Suppose 5*v - 2*p - 15 = 0, 12*v = 16*v - 3*p - 12. Let h(l) = 3*l**2 + l. Let w be h(-3). Calculate the greatest common divisor of w and v.
3
Let s(w) = -w + 1 + w - w + 60*w**2. Let u be s(1). Suppose 6*j = -5*b + j + u, -j = -3. Calculate the highest common divisor of b and 99.
9
Let v(d) = d**2 + 5*d + 5. Let z be v(-6). What is the greatest common factor of z and 33?
11
Let u = -48 + 83. Calculate the greatest common divisor of u and 5.
5
Let d(o) = 10*o**2 + o - 6. Let i be d(2). What is the highest common factor of i and 24?
12
Let g be 24/((-5)/(-10)*4/7). What is the highest common factor of g and 28?
28
Suppose 971 + 1252 = 3*n. Suppose 4*f - n = 7. Calculate the greatest common divisor of 17 and f.
17
Let j = 0 + 8. Let p = j - 4. Let a(f) = -f**2 + 5*f - 4. Let d be a(3). What is the greatest common factor of d and p?
2
Suppose -2*r + n - 26 = 3*n, n = r + 5. Let w be 2/(-3) - 402/r. Suppose 2*y - w = 46. Calculate the greatest common divisor of 30 and y.
15
Let g = 56 - 20. Suppose -2*m = -2*l + 7*l - 28, 34 = 4*m - l. Calculate the greatest common divisor of m and g.
9
Suppose -50 - 58 = -2*u. Calculate the greatest common factor of 6 and u.
6
Suppose 0 = -2*n + 4*n - 128. Let k = -75 - -191. Let g be (-4)/14 - k/(-14). Calculate the greatest common factor of n and g.
8
Let b(f) = 3*f**3 - 2*f**2 + 3*f - 3. Let j be b(2). Suppose -4*o - 3*w + 368 = 0, -2*w + 3*w = -4. Calculate the highest common factor of o and j.
19
Let g = 7 - 3. Suppose 0 = 5*v + 5*l - 5, -g*v + 15 + 4 = l. Calculate the highest common divisor of v and 6.
6
Let u(c) = c**3 + 15*c**2 + c + 19. Let n be u(-15). What is the greatest common factor of 10 and n?
2
Let z(a) = a**3 - 8*a**2 + 7*a. Let t be z(7). Suppose -2*r = -t*r - 12. Calculate the highest common divisor of 3 and r.
3
Let k be 145/25 - (-2)/10. Let l = k + 1. Calc